ndreds digit of 8620?
6
What is the hundreds digit of 16752?
7
What is the tens digit of 5660?
6
What is the units digit of 572?
2
What is the tens digit of 64649?
4
What is the units digit of 2137?
7
What is the hundreds digit of 2810?
8
What is the thousands digit of 24864?
4
What is the tens digit of 78?
7
What is the hundreds digit of 1488?
4
What is the units digit of 34919?
9
What is the units digit of 1419?
9
What is the hundreds digit of 6715?
7
What is the thousands digit of 19311?
9
What is the units digit of 38438?
8
What is the tens digit of 902?
0
What is the hundreds digit of 32573?
5
What is the units digit of 2057?
7
What is the thousands digit of 1859?
1
What is the thousands digit of 3877?
3
What is the units digit of 12878?
8
What is the hundreds digit of 9985?
9
What is the thousands digit of 90002?
0
What is the ten thousands digit of 71173?
7
What is the hundreds digit of 3411?
4
What is the tens digit of 7998?
9
What is the hundreds digit of 521?
5
What is the hundreds digit of 343?
3
What is the thousands digit of 38911?
8
What is the tens digit of 83318?
1
What is the hundreds digit of 537?
5
What is the thousands digit of 5019?
5
What is the hundreds digit of 4861?
8
What is the ten thousands digit of 47900?
4
What is the tens digit of 21273?
7
What is the units digit of 58494?
4
What is the ten thousands digit of 198742?
9
What is the tens digit of 72720?
2
What is the units digit of 6390?
0
What is the units digit of 1917?
7
What is the hundreds digit of 141845?
8
What is the thousands digit of 8022?
8
What is the units digit of 1364?
4
What is the units digit of 40?
0
What is the units digit of 227?
7
What is the hundreds digit of 11294?
2
What is the tens digit of 193?
9
What is the hundreds digit of 678?
6
What is the hundreds digit of 2497?
4
What is the thousands digit of 6057?
6
What is the hundreds digit of 1222?
2
What is the units digit of 6899?
9
What is the tens digit of 843?
4
What is the thousands digit of 6089?
6
What is the units digit of 229?
9
What is the units digit of 20996?
6
What is the hundreds digit of 724?
7
What is the hundreds digit of 592?
5
What is the units digit of 39977?
7
What is the tens digit of 15390?
9
What is the tens digit of 1244?
4
What is the hundreds digit of 3718?
7
What is the hundreds digit of 7701?
7
What is the ten thousands digit of 25243?
2
What is the hundreds digit of 2787?
7
What is the units digit of 8054?
4
What is the hundreds digit of 14717?
7
What is the ten thousands digit of 15584?
1
What is the hundreds digit of 190?
1
What is the tens digit of 311?
1
What is the thousands digit of 2785?
2
What is the hundreds digit of 3623?
6
What is the units digit of 9880?
0
What is the hundreds digit of 2773?
7
What is the hundreds digit of 1456?
4
What is the units digit of 3478?
8
What is the tens digit of 569?
6
What is the tens digit of 19976?
7
What is the hundred thousands digit of 195440?
1
What is the thousands digit of 2793?
2
What is the units digit of 75455?
5
What is the units digit of 13696?
6
What is the hundreds digit of 894?
8
What is the tens digit of 532?
3
What is the tens digit of 11024?
2
What is the hundreds digit of 5214?
2
What is the units digit of 1412?
2
What is the units digit of 112149?
9
What is the hundreds digit of 46494?
4
What is the tens digit of 787?
8
What is the units digit of 849?
9
What is the thousands digit of 21338?
1
What is the hundreds digit of 35912?
9
What is the tens digit of 38813?
1
What is the ten thousands digit of 54797?
5
What is the units digit of 22420?
0
What is the hundreds digit of 427?
4
What is the thousands digit of 1380?
1
What is the hundreds digit of 1775?
7
What is the tens digit of 2000?
0
What is the units digit of 1536?
6
What is the thousands digit of 7720?
7
What is the hundreds digit of 17719?
7
What is the thousands digit of 3380?
3
What is the hundreds digit of 17249?
2
What is the hundreds digit of 6135?
1
What is the units digit of 2121?
1
What is the tens digit of 7517?
1
What is the hundreds digit of 2824?
8
What is the tens digit of 5295?
9
What is the thousands digit of 31806?
1
What is the tens digit of 1021?
2
What is the ten thousands digit of 78058?
7
What is the tens digit of 142672?
7
What is the thousands digit of 19146?
9
What is the tens digit of 2559?
5
What is the tens digit of 254?
5
What is the tens digit of 4350?
5
What is the thousands digit of 25609?
5
What is the ten thousands digit of 93240?
9
What is the thousands digit of 1061?
1
What is the hundreds digit of 48306?
3
What is the hundreds digit of 8516?
5
What is the tens digit of 50125?
2
What is the ten thousands digit of 57262?
5
What is the units digit of 2637?
7
What is the ten thousands digit of 15191?
1
What is the hundreds digit of 39802?
8
What is the hundreds digit of 17331?
3
What is the units digit of 4713?
3
What is the ten thousands digit of 62561?
6
What is the tens digit of 795?
9
What is the thousands digit of 2117?
2
What is the units digit of 420?
0
What is the ten thousands digit of 15922?
1
What is the hundreds digit of 683?
6
What is the thousands digit of 1688?
1
What is the tens digit of 5713?
1
What is the thousands digit of 1341?
1
What is the hundreds digit of 8576?
5
What is the units digit of 423?
3
What is the thousands digit of 2677?
2
What is the hundreds digit of 10273?
2
What is the tens digit of 1042?
4
What is the hundreds digit of 4190?
1
What is the units digit of 2044?
4
What is the ten thousands digit of 36021?
3
What is the tens digit of 697?
9
What is the hundreds digit of 4762?
7
What is the tens digit of 1874?
7
What is the units digit of 40744?
4
What is the tens digit of 132280?
8
What is the units digit of 325?
5
What is the hundreds digit of 200999?
9
What is the tens digit of 8637?
3
What is the tens digit of 58894?
9
What is the thousands digit of 118559?
8
What is the thousands digit of 63069?
3
What is the hundreds digit of 16776?
7
What is the units digit of 6302?
2
What is the hundreds digit of 196?
1
What is the units digit of 962?
2
What is the tens digit of 4578?
7
What is the hundreds digit of 39520?
5
What is the thousands digit of 1396?
1
What is the units digit of 106199?
9
What is the tens digit of 803?
0
What is the tens digit of 7763?
6
What is the thousands digit of 142553?
2
What is the hundreds digit of 1599?
5
What is the hundreds digit of 18428?
4
What is the tens digit of 2271?
7
What is the hundreds digit of 8997?
9
What is the units digit of 2532?
2
What is the units digit of 5540?
0
What is the tens digit of 967?
6
What is the tens digit of 7682?
8
What is the hundreds digit of 1066?
0
What is the units digit of 26278?
8
What is the thousands digit of 2031?
2
What is the units digit of 29015?
5
What is the units digit of 1078?
8
What is the units digit of 1630?
0
What is the tens digit of 25324?
2
What is the units digit of 186?
6
What is the hundreds digit of 12167?
1
What is the hundreds digit of 69304?
3
What is the thousands digit of 33821?
3
What is the ten thousands digit of 25480?
2
What is the hundreds digit of 25621?
6
What is the ten thousands digit of 25765?
2
What is the hundreds digit of 618?
6
What is the thousands digit of 3816?
3
What is the thousands digit of 58270?
8
What is the hundreds digit of 702?
7
What is the thousands digit of 7370?
7
What is the hundreds digit of 7116?
1
What is the thousands digit of 8788?
8
What is the units digit of 13?
3
What is the thousands digit of 2840?
2
What is the tens digit of 422?
2
What is the units digit of 361?
1
What is the tens digit of 11861?
6
What is the ten thousands digit of 79104?
7
What is the tens digit of 1310?
1
What is the hundreds digit of 502?
5
What is the hundreds digit of 2932?
9
What is the hundreds digit of 30688?
6
What is the hundreds digit of 4739?
7
What is the thousands digit of 10400?
0
What is the hundreds digit of 17028?
0
What is the thousands digit of 3707?
3
What is the tens digit of 254?
5
What is the units digit of 49063?
3
What is the hundreds digit of 992?
9
What is the hundreds digit of 412?
4
What is the thousands digit of 2209?
2
What is the tens digit of 5291?
9
What is the ten thousands digit of 80972?
8
What is the thousands digit of 21351?
1
Wha